= 3*u - 17. Let p be g(7). Suppose 0 = l - 3*s - 39, 0 = p*l - 2*s - 0*s - 136. Let q = 29 - 20. What is the remainder when l is divided by q?
6
Calculate the remainder when -75 + 95 - (0 - 1) is divided by 17.
4
Let u = 0 + 9. Let a(i) = i**3 - 9*i**2 + 8*i - 3. Calculate the remainder when a(u) is divided by 18.
15
Let r(s) = -15*s + 3. Let k(a) = -16*a + 3. Let v(n) = -4*k(n) + 5*r(n). What is the remainder when 153 is divided by v(-1)?
13
Calculate the remainder when 58 is divided by -80*(-21)/14*1/3.
18
Suppose 5*c = 4 + 6. Calculate the remainder when 71 is divided by (56 - c)/3*1.
17
Suppose 7 = -11*b + 73. Suppose -l + 32 = 5*i, -2*l - 35 = 2*i - 115. Suppose -4*p = -l + 6. What is the remainder when p is divided by b?
3
Suppose 0 = -10*z + 5*z + 75. What is the remainder when 22 is divided by ((-7)/3)/((-5)/z)?
1
Let q(x) = 8*x + 10. Let u be q(-3). Let d = 1 - u. Calculate the remainder when d is divided by 6.
3
Let r be (-602)/6 - 10/15. Let h = -72 - r. Suppose 0 = -3*o + 18 - 3. Calculate the remainder when h is divided by o.
4
Let a be 1*(1 + -128 - (8 + -9)). Let y = a + 136. What is the remainder when 65 is divided by y?
5
Let a(l) = -39*l - 5. Let n(j) = -51*j + 13. Let f(m) = 26*m - 7. Let s(c) = -11*f(c) - 6*n(c). Calculate the remainder when a(-2) is divided by s(1).
16
Let g be (3 + 12)/(-5)*4/(-6). What is the remainder when 104 is divided by -2 - ((-1)/(-3 + g) - 30)?
23
Suppose 5*m = 3*n + 2*m, -m - 4 = -3*n. Suppose n*f + 2*f = 348. Suppose -5*r = -3*h - 87, 0 = -0*h - h + 1. What is the remainder when f is divided by r?
15
Suppose -v + 65 = 3*v + x, -3*x + 42 = 3*v. What is the remainder when 0 + (1 - -3) + 0 + 58 is divided by v?
11
Suppose 140 = f + 5*m, -3*f + 5*m = 275 - 735. Calculate the remainder when f is divided by 32.
22
Calculate the remainder when ((-20)/3 + 7)/((-2)/(-942)) is divided by 27.
22
Suppose 0 = -u + 2*j + 287, 4*u - 6*j + 3*j = 1138. Calculate the remainder when u is divided by 26.
23
Let r(x) = x**3 - 2*x**2 + 2*x. Let i be r(2). Suppose -b + 0 = -i. Suppose b*d - 2*d - 50 = 0. Calculate the remainder when d is divided by 7.
4
Let v = 1139 - 1103. Calculate the remainder when v is divided by 19.
17
Let l(f) = f**3 - 3*f**2 - 7*f + 3. Let d be l(5). Let u = -56 - -90. Let c = u - d. What is the remainder when c is divided by 6?
4
Suppose 26 = 5*w + 1. Suppose 3*u = 6, 4*u - 12 = w*i - 74. Suppose 4*j - i + 2 = 0. What is the remainder when j is divided by 1?
0
Suppose 6*t - 21 - 39 = 0. Let s(i) = -6 + 1 + 3 + i. Calculate the remainder when t is divided by s(5).
1
Suppose 153 = 4*m - 951. Suppose -2*d = 4*d - m. What is the remainder when d is divided by 18?
10
Let b(o) = -o**2 + 9*o + 2. Let i be b(8). Let z be (i/(-4))/(1/2). What is the remainder when (-275)/z*(1 - 0) is divided by 14?
13
Let i = 22 + -17. Suppose 23 = 2*s - y, 0 = -s + i*y + 4 + 12. Calculate the remainder when s is divided by (2/(-3))/(8/(-36)).
2
Suppose 4*j + 2*c = 8, 4*j = -0*j - 3*c + 4. Suppose -n + 383 = j*n + 3*o, -8 = 2*o. What is the remainder when n is divided by 21?
16
Let d(h) = h - 3. Let m be 0*((-9)/(-6) + -2). Suppose m = q + q - 8. Calculate the remainder when 1 is divided by d(q).
0
Let j(s) = -s**2 + 6*s - 4. Let p be j(6). Let f(w) = -7*w - 6. Suppose g = 5*b - 40, 3*b + 3*g - 27 = -3. What is the remainder when f(p) is divided by b?
6
Let q(z) = z**3 + 13*z**2 + 5*z - 6. Calculate the remainder when q(-12) is divided by 9.
6
Let l = 2 - -1. Suppose -l*p - 3 = -9. Suppose v + p = 16. What is the remainder when 25 is divided by v?
11
Calculate the remainder when (-1 + 4)/(36/468) is divided by 18.
3
Suppose -5*d + 19 = -11. Let s(r) = r**3 - 4*r**2 - 4*r + 13. Let t = 56 + -40. What is the remainder when s(d) is divided by t?
13
Let m be 1 - (-2)/(6/57). Let z be 3/(261/84 - (-9)/(-3)). Let p = z - m. Calculate the remainder when 30 is divided by p.
6
Suppose -4*n + 49 = -471. Suppose -48 = -2*l + n. What is the remainder when l is divided by 30?
29
Let y = 45 - 43. Suppose 0 = 4*a + y*z - 3*z - 64, -2*a - 4*z + 14 = 0. What is the remainder when 41 is divided by a?
11
Suppose -4*q - 3*z + 279 = 0, -5*q + 3*z - 8*z + 355 = 0. Suppose 0 = 8*l - q + 10. What is the remainder when 55 is divided by l?
6
Let k = 14 - 10. Let p(l) = 3*l + 4. Suppose 198 = 3*u + 3*b, 3*b + 290 = -50*u + 55*u. What is the remainder when u is divided by p(k)?
13
Let i(c) = -5*c + 10*c - c**2 + 3 + 2*c. Suppose 0 = p - 3*x - 30, 2*x = -0*p + 2*p - 40. What is the remainder when p is divided by i(6)?
6
What is the remainder when 8 - -114 - (-15 - -9) is divided by 76?
52
Let k(u) = 9*u. Suppose 0 = -2*t - 5*t - 161. Let o = 28 + t. Calculate the remainder when k(2) is divided by o.
3
Suppose 0 = -3*j + g + 3*g + 21, 3*g = -3*j + 21. Calculate the remainder when 152 is divided by j.
5
Let k(x) = 12*x - 17. Let f be k(5). Let b = f - 21. Let m = 16 - 4. What is the remainder when b is divided by m?
10
Suppose -4*s = -62 - 90. Suppose 2*n - 2*i = 3*i - 14, -3*n - i = 38. Let y = n - -26. Calculate the remainder when s is divided by y.
10
Let f = 253 + -220. Calculate the remainder when f is divided by 9.
6
Suppose 2*l - 19 = 5. Suppose l*m - 44 = 8*m. Calculate the remainder when 52 is divided by m.
8
Suppose 50 = 2*n - 3*j - 37, -n = -2*j - 45. Let u(f) = f**3 - f**2 - 11*f + 6. Calculate the remainder when n is divided by u(4).
9
Let v = 10234 - 10190. Suppose 0 = -2*g + 25 + 21. Calculate the remainder when v is divided by g.
21
Suppose -5*x - 95 = -5*s, -2*s + 3*x + 33 = 2*x. Suppose 2*q - 5 = -1, -q = -5*f + 1968. What is the remainder when f/10 + 32/(-80) is divided by s?
11
Suppose 5*v = 4*f - 6*f + 38, 5*f - 32 = -2*v. What is the remainder when 87 is divided by v?
3
Let s(z) = -52*z**3 - z**2 - z - 1. Suppose -4*q + 7*q = -j - 1, 3*q = -4*j - 4. Suppose b + 13 = 39. What is the remainder when s(j) is divided by b?
25
Suppose 5*k = 3*o + 539, 527 = 4*k + 4*o + 115. Suppose a - 2 = 0, 2*n - a = -2*n + k. Let r = n - -11. What is the remainder when r is divided by 10?
8
Let i(t) = 6*t**3 - 5*t**2 - 6*t + 7. Let w be i(5). Suppose 0 = 5*a - 12*a + w. Calculate the remainder when a is divided by 22.
20
Let f(w) = -w**2 + 17*w + 7. Let n(t) = t**3 - 4*t**2 + 7*t - 5. Let p be n(4). Suppose 0 = 3*m - 22 - p. Calculate the remainder when f(m) is divided by 13.
11
What is the remainder when 935/25 - 9/(-15) is divided by 14?
10
Let g(c) = -c**3 + 8. Calculate the remainder when 68 is divided by g(-3).
33
Let o(v) = -4*v + 28. What is the remainder when 70 - (3 + (-3 - -3)) is divided by o(-2)?
31
Suppose -100 = 5*z + 3*o, -4*o = 5*z - z + 80. Let n = z + 56. Suppose -30*u = -28*u - 26. Calculate the remainder when n is divided by u.
10
Suppose 0 = -k + 11 - 7. What is the remainder when 1/2 + 110/k is divided by 6?
4
Suppose -x - 49 = -z, -z - 49 = -2*z + 4*x. Suppose -9 = 4*m - z. What is the remainder when (40 - (0 + 0)) + -3 is divided by m?
7
Let b = -13 + 18. What is the remainder when 186 is divided by b?
1
Suppose 2*o - 26 = -4*w, 5*o = -4*w - 0*o + 35. Calculate the remainder when 31 is divided by w.
1
Let d(u) = -u - 3. Let b be d(-6). Let y(p) = 19 + b*p + p - 3*p - 2. Calculate the remainder when y(-9) is divided by 5.
3
Let h(y) = -2*y**2 + 8*y + 11. Let g(j) = -j + 1. Let l(o) = -6*g(o) - h(o). Let x(w) = 2*w**2 - 9*w + 5. Calculate the remainder when l(-6) is divided by x(6).
21
Calculate the remainder when 4 is divided by 6/10 - 5/((-50)/4).
0
Suppose 91 = 9*z - 116. Let g be (-14)/(-6) - 2/6. Calculate the remainder when ((-75)/10)/(g/(-24)) is divided by z.
21
Suppose 5*i - 13 + 3 = 0. Suppose -494*f + 499*f + 4*w = 43, 35 = 5*w. What is the remainder when f is divided by i?
1
Let g = 2624 + -2604. Suppose 0 = -0*q + 4*q - 316. Calculate the remainder when q is divided by g.
19
Suppose 0 = 3*l - 3*g - 546, 2*g = -4*l - 0*g + 716. What is the remainder when (15/4)/(9/l) is divided by 13?
10
Suppose 3*w = -0*w + 15. What is the remainder when 44 + (0 - (w - 2)) is divided by 7?
6
Suppose -13*n + 161 + 203 = 0. Calculate the remainder when 193 is divided by n.
25
Let z(i) = -12*i. Let b be z(2). Let t = b + 57. Calculate the remainder when t*(-4)/(-6) - 3 is divided by 4.
3
Let s = 31 + -13. What is the remainder 